alculate the remainder when 19 is divided by i/(-18) + 12/54.
5
Suppose 7*i + 35 = 133. What is the remainder when 110 is divided by i?
12
Suppose l - 24 = -6. What is the remainder when ((-804)/(-48))/(2 + (-14)/8) is divided by l?
13
Suppose 2*f + 65 = 137. Calculate the remainder when f is divided by 22.
14
Let p(k) = k**3 - 13*k**2 + 23*k - 9. Let q be p(11). Suppose 0 = o + q*b - 12, -2*b - 2 = -4*o + 6. Calculate the remainder when 25 is divided by o.
1
Let p = -8 + 33. Suppose -9*t + 6*t = -45. Calculate the remainder when p is divided by t.
10
Let d(l) = 19*l - 22. What is the remainder when 92 is divided by d(2)?
12
Let r = 38 - -9. What is the remainder when r is divided by 10?
7
Let j = -2961 - -2971. Let t = 25 - -8. What is the remainder when t is divided by j?
3
Let v(d) = 8*d + 217. Calculate the remainder when 42 is divided by v(-26).
6
Let z be 2 - (3 + (-6 - 0 - 0)). What is the remainder when 36 is divided by 17 - ((-80)/(-4))/z?
10
Suppose -2*a + 4*g = -4, -3 = 5*a - 4*g - 7. Suppose a*s + 3*s - 39 = 0. Let m = 18 - 11. Calculate the remainder when s is divided by m.
6
Let i = -286 - -307. What is the remainder when i is divided by 15?
6
Let c be 1/(-2)*2 - -20. Let r = 1428 - 1432. Let n = r + c. What is the remainder when 72 is divided by n?
12
Let o = -386 + 609. What is the remainder when o is divided by 19?
14
Let c(l) = -l - 1. Let o be c(0). Let q = 14 + -1. What is the remainder when q is divided by (3 - (-2 + 12))*o?
6
Let h = -17 - -17. Suppose h = 4*j + j - 55. Suppose u = j + 1. What is the remainder when 35 is divided by u?
11
Suppose -s = -3*v - 4, -2*s + 64*v = 66*v - 32. What is the remainder when 608 is divided by s?
10
Let v(p) = 96*p**2 - 9*p + 11. What is the remainder when v(1) is divided by 17?
13
Suppose 45 = -2*x + 7*x. Suppose 3*g - x = 5*p, 4*g - 2*p - 34 = -g. Suppose t = 3*v - 86, -v - v + 57 = -t. Calculate the remainder when v is divided by g.
5
Let j(t) = -12*t - 12. Let m be j(-4). Suppose -19*x - m = -23*x. Let w(i) = i**3 - 2*i**2 + 2*i - 1. Calculate the remainder when x is divided by w(2).
0
Let d = 79 - 76. Suppose -4*m + 59 = d*f, -5*f = 4*m - 8*m + 19. Let s(o) = 41*o**2 + o + 1. Calculate the remainder when s(-1) is divided by m.
8
Suppose 8 - 2 = 3*q. Suppose -2*u - 2 = 0, q*n - u - 39 = n. Let r = 82 - n. Calculate the remainder when r is divided by 16.
12
Let b = 1925 + -1911. What is the remainder when (-2)/6 + (-163)/(-3) is divided by b?
12
Suppose -4*m = -3*m - 14. Let p = -3745 - -3842. Calculate the remainder when p is divided by m.
13
Let j be ((25 - -1) + -2)*1. Let w = j + -36. What is the remainder when (w/18)/(6/(-135)) is divided by 9?
6
Let l(c) = -c + 19. Let x be l(10). Suppose y = -2*y + x. Suppose -4*p + 6 = -6, -3*f + y*p = 3. Calculate the remainder when 3 is divided by f.
1
Let h = 88 - 82. Calculate the remainder when 95 is divided by h.
5
Let d = 310 - 215. Suppose 0 = -h + 3*c + 35, -3*h + d = c - 5*c. Calculate the remainder when 85 is divided by h.
27
What is the remainder when 4/(-7) - 2010/(-14) is divided by 30?
23
Let x be -6*((-14)/4 - -3). Suppose x*y = -4 + 28. Suppose -y*q + 5*q + 270 = 0. Calculate the remainder when q is divided by 23.
21
Suppose 3*a - 5*a = -12. Calculate the remainder when (-35 + -19)*(-2)/a is divided by 10.
8
Let v = -113 + 202. Suppose -3*l + v = -d, -2*d - 1 = -3. Calculate the remainder when 88 is divided by l.
28
Let y = 100 - 7. Let x = y + -22. What is the remainder when x is divided by 24?
23
Suppose 6*y - 4*p = 3*y - 246, -y - 2*p - 72 = 0. Let j = 131 + y. Calculate the remainder when 100 is divided by j.
47
Let a(x) = -x**3 + 20*x**2 + 24*x - 45. What is the remainder when a(21) is divided by 7?
4
Suppose 5*h - 8 = 2. Let u(y) = 17*y**h + y**2 + 2*y**2 + 10*y**2. Calculate the remainder when u(-1) is divided by 11.
8
Let c(g) be the second derivative of -g**3/3 + 2*g**2 + 20*g. Suppose 5*q = -2*f - 7, -3*f = -0*f - q + 19. What is the remainder when 61 is divided by c(f)?
13
Suppose 4*o - 26 = 2*l, -2*o + 19 = -3*l - 0*l. Calculate the remainder when 54 is divided by 9/45 - ((-79)/o + 2).
12
Suppose 0 = u - 0*u - 2*f - 70, 5*f = -5*u + 275. Calculate the remainder when u is divided by 14.
4
Let o(a) be the third derivative of a**5/5 - a**4/12 + 8*a**2. Let w be o(-2). Suppose -w - 20 = -2*t. Calculate the remainder when t is divided by 19.
17
Let o(l) = -30 + 8*l + 14 - 11*l. What is the remainder when 54 is divided by o(-9)?
10
Let h = -19 + 24. Suppose -4*q - h + 397 = 0. Calculate the remainder when q is divided by 20.
18
Suppose -5*z + 82 = k, -6*z + 2*k = -z - 76. Suppose 6*w - 73*w = 17*w - 7896. What is the remainder when w is divided by z?
14
What is the remainder when 2/(1 + 1) + (-237 - -501) is divided by 27?
22
Suppose -3*c + 4*u + 7 = 0, -5*c = -0*c - 2*u - 35. Calculate the remainder when c is divided by 4.
1
Let x(y) = y + 8. Let l be x(-3). Suppose -l*g + 135 = -0*g + 4*d, 108 = 4*g + d. Calculate the remainder when 104 is divided by g.
23
Let j = 2099 + -1952. What is the remainder when j is divided by 31?
23
Suppose -r + 1873 = 4*i, 0*i = -2*i - r + 939. Suppose 533 = 4*q - i. Suppose 4*p = -p + q. What is the remainder when p is divided by 26?
24
Calculate the remainder when 17 is divided by 33 + -11 + -8 - 2*2.
7
Let u = -3 - -7. Let x be -7 - (u/(-1))/4. Let h(t) = -t**3 - 7*t**2 - 8*t - 8. What is the remainder when 14 is divided by h(x)?
2
Suppose 0 = -4*j - 0*j + 72. Let d = 19 + j. What is the remainder when d is divided by 15 + 93/62*10/(-3)?
7
Suppose a + 5*o - 22 = -0, 0 = a - 4*o - 58. Calculate the remainder when a is divided by 25.
17
Suppose y + 199 = 2*r - 60, -5*y + 395 = 3*r. Calculate the remainder when r is divided by 65.
0
Let p(k) = k + 5 - 10 - 9*k + 5*k. Calculate the remainder when p(-23) is divided by 11.
9
Let s(d) = 2*d**2 + 24*d - 11. Calculate the remainder when s(-14) is divided by 12.
9
Let p be 6 - (-2 + 2 - -2). Suppose -3*l - 8 - 7 = -4*n, 2*n = p*l + 10. Suppose n = d - 8. What is the remainder when 32 is divided by d?
10
Calculate the remainder when 28 is divided by ((-6)/10)/((5 - 3)/(-10)).
1
Let j be 59 - 12/((-3)/1). Suppose j = 4*h - 261. What is the remainder when h is divided by 14?
11
Suppose 0 = -210*r + 226*r - 1280. Calculate the remainder when 314 is divided by r.
74
Let o = -107 - -184. Let r(f) = 2*f**3 + 20*f**2 + 12*f + 140. What is the remainder when o is divided by r(-10)?
17
Let h = -950 + 964. What is the remainder when 67 is divided by h?
11
Let o(l) = l**2 - 2*l - 10. Suppose y - 8 + 12 = 0. Let k(s) = 2*s + 15. What is the remainder when o(7) is divided by k(y)?
4
Suppose -2*s - 28 = -6*h + 2*h, 3*s = 3*h - 30. Suppose g = 2*z - 27, 3*z + 3 + 14 = -g. Let l = s - g. What is the remainder when 31 is divided by l?
14
Let m be 325/(-3) + (-3)/(-9). Let u = -65 - m. Suppose -21*c = -15*c - 54. Calculate the remainder when u is divided by c.
7
Let i = -7 - -179. Let v = -90 + i. Let s = -49 + v. Calculate the remainder when s is divided by 17.
16
Suppose -4*r + 7 = 27, -2*u + 3*r = -99. What is the remainder when 375 is divided by u?
39
Suppose 3*k + k = -2*k. Suppose g + 4*g - 735 = k. Calculate the remainder when g is divided by 15.
12
Suppose -7*o + 11222 = 10165. What is the remainder when o is divided by 38?
37
Let t = -3 + 6. Let z = -62 - -66. Suppose -a + 25 = t*a + j, 0 = 4*j - z. Calculate the remainder when 15 is divided by a.
3
Let h(c) be the first derivative of 1/4*c**4 + 0*c**2 + 11*c - 7 + 8/3*c**3. Calculate the remainder when 30 is divided by h(-8).
8
Let b(d) = d**2 + 20*d - 4. Let h be b(-18). Let o(c) = -20*c + 2. Let l be o(-3). Let p = l + h. What is the remainder when 85 is divided by p?
19
Suppose 168 = 39*x - 222. Calculate the remainder when 268 is divided by x.
8
Let i(s) = -s + 4. Let d be i(2). Suppose 0 = y - 2*f - 56, 0 = d*y + f - 31 - 76. Let u = -16 + 30. What is the remainder when y is divided by u?
12
Let u(f) = -2*f**3 + f**2 + f + 3. Let t be u(3). Let v = -20 - t. Let d(k) = -11*k - 58. What is the remainder when d(-12) is divided by v?
17
Let n = -647 + 1181. Let b = n - 315. Calculate the remainder when b is divided by 55.
54
Suppose -15*h + 2289 = 6*h. Calculate the remainder when h is divided by 7.